{"id":348,"date":"2025-09-09T21:48:17","date_gmt":"2025-09-09T21:48:17","guid":{"rendered":"https:\/\/locapeopleproject.com\/?page_id=348"},"modified":"2025-09-10T15:12:36","modified_gmt":"2025-09-10T15:12:36","slug":"booking","status":"publish","type":"page","link":"https:\/\/locapeopleproject.com\/index.php\/booking\/","title":{"rendered":"Booking"},"content":{"rendered":"\t\t<div data-elementor-type=\"wp-page\" data-elementor-id=\"348\" class=\"elementor elementor-348\" data-elementor-post-type=\"page\">\n\t\t\t\t<div class=\"elementor-element elementor-element-4afecae e-flex e-con-boxed e-con e-parent\" data-id=\"4afecae\" data-element_type=\"container\" data-settings=\"{&quot;background_background&quot;:&quot;classic&quot;}\">\n\t\t\t\t\t<div class=\"e-con-inner\">\n\t\t<div class=\"elementor-element elementor-element-028cd05 e-flex e-con-boxed e-con e-child\" data-id=\"028cd05\" data-element_type=\"container\">\n\t\t\t\t\t<div class=\"e-con-inner\">\n\t\t\t\t<div class=\"elementor-element elementor-element-b70773f elementor-widget elementor-widget-heading\" data-id=\"b70773f\" data-element_type=\"widget\" data-widget_type=\"heading.default\">\n\t\t\t\t<div class=\"elementor-widget-container\">\n\t\t\t\t\t<span class=\"elementor-heading-title elementor-size-default\">\u00a0Formulario de Contacto Fuera de lo Habitual:<\/span>\t\t\t\t<\/div>\n\t\t\t\t<\/div>\n\t\t\t\t<div class=\"elementor-element elementor-element-82e896c elementor-widget elementor-widget-heading\" data-id=\"82e896c\" data-element_type=\"widget\" data-widget_type=\"heading.default\">\n\t\t\t\t<div class=\"elementor-widget-container\">\n\t\t\t\t\t<h1 class=\"elementor-heading-title elementor-size-default\">Booking \u2013 contr\u00e1tanos \n(pero no de la forma aburrida)<\/h1>\t\t\t\t<\/div>\n\t\t\t\t<\/div>\n\t\t\t\t\t<\/div>\n\t\t\t\t<\/div>\n\t\t\t\t\t<\/div>\n\t\t\t\t<\/div>\n\t\t<div class=\"elementor-element elementor-element-2159fb1 e-flex e-con-boxed e-con e-parent\" data-id=\"2159fb1\" data-element_type=\"container\" data-settings=\"{&quot;background_background&quot;:&quot;classic&quot;}\">\n\t\t\t\t\t<div class=\"e-con-inner\">\n\t\t<div class=\"elementor-element elementor-element-49c9982 e-con-full e-flex e-con e-child\" data-id=\"49c9982\" data-element_type=\"container\">\n\t\t\t\t<div class=\"elementor-element elementor-element-f9dd82f elementor-widget elementor-widget-heading\" data-id=\"f9dd82f\" data-element_type=\"widget\" data-widget_type=\"heading.default\">\n\t\t\t\t<div class=\"elementor-widget-container\">\n\t\t\t\t\t<span class=\"elementor-heading-title elementor-size-default\">Completa este ritual para invocar a tu DJ ideal<\/span>\t\t\t\t<\/div>\n\t\t\t\t<\/div>\n\t\t\t\t<div class=\"elementor-element elementor-element-a2526b5 elementor-widget elementor-widget-heading\" data-id=\"a2526b5\" data-element_type=\"widget\" data-widget_type=\"heading.default\">\n\t\t\t\t<div class=\"elementor-widget-container\">\n\t\t\t\t\t<h2 class=\"elementor-heading-title elementor-size-default\"> \u00bfEst\u00e1s list@ para arder con nosotros?<\/h2>\t\t\t\t<\/div>\n\t\t\t\t<\/div>\n\t\t\t\t<\/div>\n\t\t\t\t<div class=\"elementor-element elementor-element-e0dd623 elementor-widget elementor-widget-jet-form-builder-form\" data-id=\"e0dd623\" data-element_type=\"widget\" data-widget_type=\"jet-form-builder-form.default\">\n\t\t\t\t<div class=\"elementor-widget-container\">\n\t\t\t\t\t<link rel='stylesheet' id='wp-block-library-css' href='https:\/\/locapeopleproject.com\/wp-includes\/css\/dist\/block-library\/style.min.css?ver=6.9.4' media='all' \/>\n<style id=\"jet-form-builder-367-inline-css\"><\/style><form  class=\"jet-form-builder layout-column submit-type-ajax\" action=\"https:\/\/locapeopleproject.com\/wp-json\/wp\/v2\/pages\/348\/?fJ4haC=y4Sxz7iSAM&amp;method=reload\" method=\"POST\" data-form-id=\"367\" data-layout=\"column\" enctype=\"multipart\/form-data\" novalidate=\"null\" ssr_validation_method=\"rest\">\r\n<input type=\"hidden\" name=\"_jfb_current_render_states[]\" value=\"DEFAULT.STATE\" data-jfb-sync \/><input type=\"hidden\" class=\"jet-form-builder__field hidden-field\" name=\"_jet_engine_booking_form_id\" data-field-name=\"_jet_engine_booking_form_id\" value=\"367\">\n<input type=\"hidden\" class=\"jet-form-builder__field hidden-field\" name=\"_jet_engine_refer\" data-field-name=\"_jet_engine_refer\" value=\"https:\/\/locapeopleproject.com\/wp-json\/wp\/v2\/pages\/348\/\">\n<input type=\"hidden\" class=\"jet-form-builder__field hidden-field\" name=\"__queried_post_id\" data-field-name=\"__queried_post_id\" value=\"348\">\n\n<input type=\"hidden\" class=\"jet-form-builder__field hidden-field\" name=\"room_id\" data-field-name=\"room_id\" data-jfb-sync=\"null\" value=\"348\">\n\n\n\n<div  class=\"jet-form-builder-row field-type-text-field\" >\n<div class=\"jet-form-builder__label\">\r\n<div class=\"jet-form-builder__label-text\">Correo electr\u00f3nico <span class=\"jet-form-builder__required\">*<\/span><\/div><\/div><div class=\"jet-form-builder__field-wrap\">\n\t\t\t\t<input required=\"required\" name=\"your_email\" id=\"your_email\" type=\"email\" data-field-name=\"your_email\" class=\"jet-form-builder__field text-field\" data-jfb-sync=\"null\" autocomplete=\"off_Koa9GyZe\">\n\t\t\t\t\t<\/div>\n<\/div>\n\n<div  class=\"jet-form-builder-row field-type-text-field\" >\n<div class=\"jet-form-builder__label\">\r\n<div class=\"jet-form-builder__label-text\">N\u00famero de tel\u00e9fono <span class=\"jet-form-builder__required\">*<\/span><\/div><\/div><div class=\"jet-form-builder__field-wrap\">\n\t\t\t\t<input required=\"required\" name=\"phone_number\" id=\"phone_number\" type=\"tel\" data-field-name=\"phone_number\" class=\"jet-form-builder__field text-field\" data-jfb-sync=\"null\" autocomplete=\"off_WRkXsant\">\n\t\t\t\t\t<\/div>\n<\/div>\n\n<div  class=\"jet-form-builder-row field-type-text-field\" >\n<div class=\"jet-form-builder__label\">\r\n<div class=\"jet-form-builder__label-text\">\u00bfC\u00f3mo te llamamos cuando suene el bajo? <span class=\"jet-form-builder__required\">*<\/span><\/div><\/div><div class=\"jet-form-builder__field-wrap\">\n\t\t\t\t<input required=\"required\" name=\"your_name\" id=\"your_name\" type=\"text\" data-field-name=\"your_name\" class=\"jet-form-builder__field text-field\" data-jfb-sync=\"null\" autocomplete=\"off_uXUj6eJ1\">\n\t\t\t\t\t<\/div><div class=\"jet-form-builder__desc\"><small>(Tu nombre o el de tu promotora \/ sala)<\/small><\/div>\n<\/div>\n\n\n<div class=\"wp-block-columns is-layout-flex wp-container-core-columns-is-layout-28f84493 wp-block-columns-is-layout-flex\">\n<div class=\"wp-block-column is-layout-flow wp-block-column-is-layout-flow\"><div  class=\"jet-form-builder-row field-type-text-field\" >\n<div class=\"jet-form-builder__label\">\r\n<div class=\"jet-form-builder__label-text\">Tipo de Evento<\/div><\/div><div class=\"jet-form-builder__field-wrap\">\n\t\t\t\t<input name=\"tipo_de_evento\" id=\"tipo_de_evento\" type=\"text\" data-field-name=\"tipo_de_evento\" class=\"jet-form-builder__field text-field\" data-jfb-sync=\"null\" autocomplete=\"off_xutZHqyo\">\n\t\t\t\t\t<\/div><div class=\"jet-form-builder__desc\"><small>(Boda gal\u00e1ctica, Fiesta corporativa fuera de control, Festival tribal, etc.)<\/small><\/div>\n<\/div><\/div>\n\n\n\n<div class=\"wp-block-column is-layout-flow wp-block-column-is-layout-flow\"><div  class=\"jet-form-builder-row field-type-text-field\" >\n<div class=\"jet-form-builder__label\">\r\n<div class=\"jet-form-builder__label-text\">\u00bfD\u00f3nde suceder\u00e1 la magia?<\/div><\/div><div class=\"jet-form-builder__field-wrap\">\n\t\t\t\t<input name=\"donde_sucedera_la_magia\" id=\"donde_sucedera_la_magia\" type=\"text\" data-field-name=\"donde_sucedera_la_magia\" class=\"jet-form-builder__field text-field\" data-jfb-sync=\"null\" autocomplete=\"off_sZHCiOJ7\">\n\t\t\t\t\t<\/div><div class=\"jet-form-builder__desc\"><small>(Ciudad, pa\u00eds, coordenadas m\u00e1gicas si hace falta)<\/small><\/div>\n<\/div><\/div>\n<\/div>\n\n\n\n<div class=\"wp-block-columns is-layout-flex wp-container-core-columns-is-layout-28f84493 wp-block-columns-is-layout-flex\">\n<div class=\"wp-block-column is-layout-flow wp-block-column-is-layout-flow\"><div  class=\"jet-form-builder-row field-type-text-field\" >\n<div class=\"jet-form-builder__label\">\r\n<div class=\"jet-form-builder__label-text\">\u00bfQu\u00e9 idea tienes en mente?<\/div><\/div><div class=\"jet-form-builder__field-wrap\">\n\t\t\t\t<input name=\"idea_en_mente\" id=\"idea_en_mente\" type=\"text\" data-field-name=\"idea_en_mente\" class=\"jet-form-builder__field text-field\" data-jfb-sync=\"null\" autocomplete=\"off_VtD4n21m\">\n\t\t\t\t\t<\/div><div class=\"jet-form-builder__desc\"><small>(Cu\u00e9ntanos tu visi\u00f3n o locura inicial)<\/small><\/div>\n<\/div><\/div>\n\n\n\n<div class=\"wp-block-column is-layout-flow wp-block-column-is-layout-flow\"><div  class=\"jet-form-builder-row field-type-select-field wp-block-jet-forms-select-field\">\n<div class=\"jet-form-builder__label\">\r\n<div class=\"jet-form-builder__label-text\">\u00bfQu\u00e9 est\u00e1s buscando?<\/div><\/div><div class=\"jet-form-builder__field-wrap\">\n\t<select class=\"jet-form-builder__field select-field\" name=\"que_estas_buscando\" data-field-name=\"que_estas_buscando\" id=\"que_estas_buscando\" data-jfb-sync=\"null\">\n\t\t<option value=\"Contratar un DJ del Roast\" >\u2611\ufe0f Contratar un DJ del Roast<\/option><option value=\"Llevar la fiesta JAGUAR a tu local\" >\u2611\ufe0f Llevar la fiesta JAGUAR a tu local<\/option><option value=\"Traer FARI\u00d1AS GROOVE con todo el combo\" >\u2611\ufe0f Traer FARI\u00d1AS GROOVE con todo el combo<\/option><option value=\"Quiero un ritual personalizado\" >\u2611\ufe0f Quiero un ritual personalizado<\/option><option value=\"No lo s\u00e9, pero s\u00e9 que necesito fuego\" >\u2611\ufe0f No lo s\u00e9, pero s\u00e9 que necesito fuego \ud83d\udd25<\/option>\t<\/select>\n<\/div>\n<\/div><\/div>\n<\/div>\n\n\n\n<div class=\"wp-block-columns is-layout-flex wp-container-core-columns-is-layout-28f84493 wp-block-columns-is-layout-flex\">\n<div class=\"wp-block-column is-layout-flow wp-block-column-is-layout-flow\"><div  class=\"jet-form-builder-row field-type-number-field\" >\n<div class=\"jet-form-builder__label\">\r\n<div class=\"jet-form-builder__label-text\">\u00bfAforo estimado?<\/div><\/div><div class=\"jet-form-builder__field-wrap\">\n\t\t<input type=\"number\" class=\"jet-form-builder__field text-field\" name=\"aforo_estimado\" data-field-name=\"aforo_estimado\" id=\"aforo_estimado\" data-jfb-sync=\"null\">\n\t<\/div><div class=\"jet-form-builder__desc\"><small>(\u00bfCu\u00e1ntas almas danzar\u00e1n?)<\/small><\/div>\n<\/div><\/div>\n\n\n\n<div class=\"wp-block-column is-layout-flow wp-block-column-is-layout-flow\"><div  class=\"jet-form-builder-row field-type-select-field wp-block-jet-forms-select-field\">\n<div class=\"jet-form-builder__label\">\r\n<div class=\"jet-form-builder__label-text\">\u00bfTienes equipo t\u00e9cnico?<\/div><\/div><div class=\"jet-form-builder__field-wrap\">\n\t<select class=\"jet-form-builder__field select-field\" name=\"equipo_tecnico\" data-field-name=\"equipo_tecnico\" id=\"equipo_tecnico\" data-jfb-sync=\"null\">\n\t\t<option value=\"S\u00ed, lo tengo todo\" >S\u00ed, lo tengo todo<\/option><option value=\"Necesito apoyo de vuestra tribu\" >Necesito apoyo de vuestra tribu<\/option><option value=\"A\u00fan no lo s\u00e9\" >A\u00fan no lo s\u00e9<\/option>\t<\/select>\n<\/div>\n<\/div><\/div>\n<\/div>\n\n\n<div  class=\"jet-form-builder-row field-type-radio-field wp-block-jet-forms-radio-field\">\n<div class=\"jet-form-builder__label\">\r\n<div class=\"jet-form-builder__label-text\">\u00bfC\u00f3mo quieres que nos comuniquemos?<\/div><\/div><div class=\"jet-form-builder__fields-group checkradio-wrap\" data-jfb-sync><div class=\"jet-form-builder__field-wrap radio-wrap checkradio-wrap\"><label class=\"jet-form-builder__field-label for-radio\">\n<input type=\"radio\" name=\"como_nos_comuniquemos\" value=\"WhatsApp\" data-field-name=\"como_nos_comuniquemos\"  class=\"jet-form-builder__field radio-field checkradio-field\"><span>WhatsApp<\/span><\/label><\/div><div class=\"jet-form-builder__field-wrap radio-wrap checkradio-wrap\"><label class=\"jet-form-builder__field-label for-radio\">\n<input type=\"radio\" name=\"como_nos_comuniquemos\" value=\"Email\" data-field-name=\"como_nos_comuniquemos\"  class=\"jet-form-builder__field radio-field checkradio-field\"><span>Email<\/span><\/label><\/div><div class=\"jet-form-builder__field-wrap radio-wrap checkradio-wrap\"><label class=\"jet-form-builder__field-label for-radio\">\n<input type=\"radio\" name=\"como_nos_comuniquemos\" value=\"Tel\u00e9fono\" data-field-name=\"como_nos_comuniquemos\"  class=\"jet-form-builder__field radio-field checkradio-field\"><span>Tel\u00e9fono<\/span><\/label><\/div><div class=\"jet-form-builder__field-wrap radio-wrap checkradio-wrap\"><label class=\"jet-form-builder__field-label for-radio\">\n<input type=\"radio\" name=\"como_nos_comuniquemos\" value=\"Se\u00f1ales de humo (requiere viento favorable)\" data-field-name=\"como_nos_comuniquemos\"  class=\"jet-form-builder__field radio-field checkradio-field\"><span>Se\u00f1ales de humo (requiere viento favorable)<\/span><\/label><\/div><\/div><div class=\"jet-form-builder__desc\"><small>(Dinos tu canal favorito de invocaci\u00f3n)<\/small><\/div>\n<\/div>\n\n<div  class=\"jet-form-builder-row field-type-check-in-out wp-block-jet-forms-check-in-out\">\n<div class=\"jet-form-builder__label\">\r\n<div class=\"jet-form-builder__label-text\">Fecha en que abrir\u00e1s el portal: <span class=\"jet-form-builder__required\">*<\/span><\/div><\/div><div class=\"jet-abaf-field\"  >\n\t<input\n\t\ttype=\"text\"\n\t\tid=\"jet_abaf_field\"\n\t\tname=\"_dates\"\n\t\tclass=\"jet-abaf-field__input jet-form-builder__field\"\n\t\tplaceholder=\"\"\n\t\tvalue=\"\"\n\t\tdata-field=\"checkin-checkout\"\n\t\tdata-format=\"YYYY-MM-DD\"\n\t\tautocomplete=\"off\"\n\t\treadonly\n\t\trequired\t\/>\n\n\t<\/div>\n<\/div>\n\n<div  class=\"jet-form-builder-row field-type-time-field\" >\n<div class=\"jet-form-builder__label\">\r\n<div class=\"jet-form-builder__label-text\">Hora en que abrir\u00e0s el portal: *<\/div><\/div><input class=\"jet-form-builder__field time-field\" name=\"hora_en_que_abriras_el_portal\" id=\"hora_en_que_abriras_el_portal\" type=\"time\" data-field-name=\"hora_en_que_abriras_el_portal\" data-jfb-sync=\"null\">\n<\/div>\n\n<div  class=\"jet-form-builder-row field-type-textarea-field\" >\n<div class=\"jet-form-builder__label\">\r\n<div class=\"jet-form-builder__label-text\">Comentarios o peticiones especiales<\/div><\/div><div class=\"jet-form-builder__field-wrap\">\n\t\t<textarea class=\"jet-form-builder__field textarea-field\" name=\"peticiones_especiales\" data-field-name=\"peticiones_especiales\" id=\"peticiones_especiales\" data-jfb-sync=\"null\"><\/textarea>\n\t<\/div>\n<\/div>\n\n<div  class=\"jet-form-builder-row field-type-radio-field wp-block-jet-forms-radio-field\">\n<div class=\"jet-form-builder__fields-group checkradio-wrap\" data-jfb-sync><div class=\"jet-form-builder__field-wrap radio-wrap checkradio-wrap\"><label class=\"jet-form-builder__field-label for-radio\">\n<input type=\"radio\" name=\"terminos_condiciones\" value=\"Acepta t\u00e9rminos y condiciones\" data-field-name=\"terminos_condiciones\"  class=\"jet-form-builder__field radio-field checkradio-field\"><span>Acepta t\u00e9rminos y condiciones<\/span><\/label><\/div><\/div>\n<\/div>\n\n\n<h3 class=\"wp-block-heading has-text-align-center has-medium-font-size\">En menos de 128 beats por minuto recibir\u00e1s nuestra respuesta<\/h3>\n\n\n\n<h2 class=\"wp-block-heading has-text-align-center has-x-large-font-size\">&nbsp;HABLEMOS DE FUEGO<\/h2>\n\n\n<div  class=\"jet-form-builder-row field-type-submit-field\" >\n\t<div data-type=\"submit\" class=\"jet-form-builder__action-button-wrapper jet-form-builder__submit-wrap\">\n\t<button class=\"jet-form-builder__action-button jet-form-builder__submit submit-type-ajax\" type=\"submit\">ENVIAR &amp; PREPARAR EL ALTAR<\/button>\n\t<\/div>\n\t\n<\/div>\n\n\n<p><\/p>\n\t<div class=\"jet-form-builder-messages-wrap\" data-form-id=\"367\"><\/div>\n<\/form>\n\t\t\t\t<\/div>\n\t\t\t\t<\/div>\n\t\t\t\t\t<\/div>\n\t\t\t\t<\/div>\n\t\t\t\t<\/div>\n\t\t","protected":false},"excerpt":{"rendered":"<p>\u00a0Formulario de Contacto Fuera de lo Habitual: Booking \u2013 contr\u00e1tanos (pero no de la forma aburrida) Completa este ritual para invocar a tu DJ ideal \u00bfEst\u00e1s list@ para arder con nosotros? Correo electr\u00f3nico * N\u00famero de tel\u00e9fono * \u00bfC\u00f3mo te llamamos cuando suene el bajo? * (Tu nombre o el de tu promotora \/ sala) [&hellip;]<\/p>\n","protected":false},"author":1,"featured_media":0,"parent":0,"menu_order":0,"comment_status":"closed","ping_status":"closed","template":"","meta":{"footnotes":""},"class_list":["post-348","page","type-page","status-publish","hentry"],"_links":{"self":[{"href":"https:\/\/locapeopleproject.com\/index.php\/wp-json\/wp\/v2\/pages\/348","targetHints":{"allow":["GET"]}}],"collection":[{"href":"https:\/\/locapeopleproject.com\/index.php\/wp-json\/wp\/v2\/pages"}],"about":[{"href":"https:\/\/locapeopleproject.com\/index.php\/wp-json\/wp\/v2\/types\/page"}],"author":[{"embeddable":true,"href":"https:\/\/locapeopleproject.com\/index.php\/wp-json\/wp\/v2\/users\/1"}],"replies":[{"embeddable":true,"href":"https:\/\/locapeopleproject.com\/index.php\/wp-json\/wp\/v2\/comments?post=348"}],"version-history":[{"count":31,"href":"https:\/\/locapeopleproject.com\/index.php\/wp-json\/wp\/v2\/pages\/348\/revisions"}],"predecessor-version":[{"id":540,"href":"https:\/\/locapeopleproject.com\/index.php\/wp-json\/wp\/v2\/pages\/348\/revisions\/540"}],"wp:attachment":[{"href":"https:\/\/locapeopleproject.com\/index.php\/wp-json\/wp\/v2\/media?parent=348"}],"curies":[{"name":"wp","href":"https:\/\/api.w.org\/{rel}","templated":true}]}}